{"id":12226,"date":"2025-08-15T15:27:25","date_gmt":"2025-08-15T13:27:25","guid":{"rendered":"https:\/\/www.herz.nl\/?post_type=product&#038;p=12226"},"modified":"2025-08-15T15:28:33","modified_gmt":"2025-08-15T13:28:33","slug":"frontrahmen-mit-ture","status":"publish","type":"product","link":"https:\/\/www.herz.nl\/?product=frontrahmen-mit-ture","title":{"rendered":"Frontrahmen mit T\u00fcre"},"content":{"rendered":"","protected":false},"excerpt":{"rendered":"<p>Frontrahmen mit T\u00fcre f\u00fcr HERZ Wohnungs\u00fcbergabestationen (wei\u00df, pulverbeschichtet RAL 9016)<br \/>\nGeschikt voor:<br \/>\n\u00b7 HIU LEN<\/p>\n","protected":false},"featured_media":12074,"template":"","meta":{"neve_meta_sidebar":"","neve_meta_container":"","neve_meta_enable_content_width":"off","neve_meta_content_width":100,"neve_meta_title_alignment":"","neve_meta_author_avatar":"","neve_post_elements_order":"","neve_meta_disable_header":"","neve_meta_disable_footer":"","neve_meta_disable_title":""},"product_brand":[],"product_cat":[531],"product_tag":[],"class_list":{"0":"post-12226","1":"product","2":"type-product","3":"status-publish","4":"has-post-thumbnail","6":"product_cat-accessoires-voor-herz-hiu-len","8":"first","9":"instock","10":"shipping-taxable","11":"product-type-simple"},"aioseo_notices":[],"_links":{"self":[{"href":"https:\/\/www.herz.nl\/index.php?rest_route=\/wp\/v2\/product\/12226","targetHints":{"allow":["GET"]}}],"collection":[{"href":"https:\/\/www.herz.nl\/index.php?rest_route=\/wp\/v2\/product"}],"about":[{"href":"https:\/\/www.herz.nl\/index.php?rest_route=\/wp\/v2\/types\/product"}],"wp:featuredmedia":[{"embeddable":true,"href":"https:\/\/www.herz.nl\/index.php?rest_route=\/wp\/v2\/media\/12074"}],"wp:attachment":[{"href":"https:\/\/www.herz.nl\/index.php?rest_route=%2Fwp%2Fv2%2Fmedia&parent=12226"}],"wp:term":[{"taxonomy":"product_brand","embeddable":true,"href":"https:\/\/www.herz.nl\/index.php?rest_route=%2Fwp%2Fv2%2Fproduct_brand&post=12226"},{"taxonomy":"product_cat","embeddable":true,"href":"https:\/\/www.herz.nl\/index.php?rest_route=%2Fwp%2Fv2%2Fproduct_cat&post=12226"},{"taxonomy":"product_tag","embeddable":true,"href":"https:\/\/www.herz.nl\/index.php?rest_route=%2Fwp%2Fv2%2Fproduct_tag&post=12226"}],"curies":[{"name":"wp","href":"https:\/\/api.w.org\/{rel}","templated":true}]}}